 -44 + 48 - (1 + -1 - -6)?
-2
What is 540 - 505 - (-1 + 28) - (-7 + 1)?
14
What is the value of (0 - 33) + (-8 - -7) - (113 + -123)?
-24
Calculate (-11 + -8 - -8) + 0.
-11
-121 - -124 - (1 - -18)
-16
What is -107 + 170 + (-6 - 21)?
36
20 + (-29 - 1) + 11
1
What is the value of 0 + 0 - (3 - -5 - 7) - 0?
-1
What is the value of -2 + -27 + (-29 - (-20 - 13))?
-25
What is -12 + (5 + -4 - -7) + -9?
-13
What is (7 - (11 + -5 + -5)) + -1 + -6?
-1
Calculate 0 + 18 - ((6 - 2) + -14).
28
What is the value of -4 + (-18 - -23) + -1 + 2?
2
What is the value of 3 + ((-4 - -9) + -3 + 5 - 19)?
-9
What is the value of -2 - ((-11 - -14) + 8)?
-13
Evaluate 25 + (31 - 8) + -27.
21
What is the value of 3 + (6 - (-12 + 12))?
9
Calculate (1 - (0 - -18)) + (0 - -15) + -18.
-20
Evaluate 31 + -38 + 13 + -3 - (-1 - -5).
-1
What is the value of (6 - 1) + -238 + 223?
-10
Calculate (2 - 4) + (-7 - (5 - 15)) + -7.
-6
What is -6 + (-9 - (-15 + -1)) + -15 + 9?
-5
Evaluate (12 + -20 - 5) + 21 + -24.
-16
What is (-53 - (-12 + -12)) + 42?
13
Evaluate 4 - 6 - (3 - ((-7 - -8) + -13)).
-17
What is -2 + -1 - 2 - (-169 + 165)?
-1
What is (22 - 46) + 32 + 2?
10
What is (14 - (15 + 7)) + (20 - 1)?
11
0 - 1 - 7 - (-4 - (4 - 8))
-8
What is the value of 14 - ((-13 - (-7 + -56)) + -15)?
-21
Calculate 25 + -16 + (2 - 3) + 4.
12
Calculate 2 + 5 + ((2 - -6) + -7 - -9).
17
Calculate (9 - 6) + 8 - (9 - 1).
3
What is the value of 0 + 5 + (76 - 69)?
12
What is the value of -8 - (-25 + 6 + (11 - 0))?
0
What is the value of 15 + 36 + -11 + -30?
10
4 + (10 - -14) - 57
-29
What is -1 + -2 + 0 + 30 + -52 + 25?
0
Evaluate (12 - (5 + -14 - -20)) + 12.
13
What is 16 - (11 + (14 - (14 - 4)))?
1
Calculate (-18 + 12 - -21) + -20.
-5
What is (26 + -12 + -11 - -5) + -10?
-2
Evaluate 8 + 0 + -24 + (-34 - -37).
-13
Calculate 0 - 2 - -1 - (33 + -15 - 10).
-9
2 + 4 + 7 + -16
-3
What is 58 + 1 - (-246 - -289)?
16
Calculate 3 + -2 - 3 - (6 + -2) - -3.
-3
What is the value of -12 + -5 + 7 + 4?
-6
What is the value of (-35 - 28) + 20 - -72?
29
(-1 - -7) + (-4 - 2) + -7
-7
Calculate 14 + -7 - 13 - (-4 + 6 + -3).
-5
Evaluate 26 + -12 + 1 + -14.
1
Calculate (22 - 3) + (44 - (-40 - -124)).
-21
Calculate 0 - -6 - (-23 + 29 + (10 - -1)).
-11
What is the value of -19 + (7 - 16) - (-3 - (-4 - -8))?
-21
Evaluate -12 + 11 + 10 + -7 + -10.
-8
Evaluate -17 - 2 - -5 - ((-23 - -25) + -3).
-13
What is the value of -53 - ((-82 - -43) + 22)?
-36
Calculate -18 + 7 + (-5 - -2) + 2.
-12
What is the value of -1 + (-1 - -1) + (-13 - -5) - -7?
-2
Calculate (-5 - -2) + 13 - (-22 + 29).
3
Calculate 13 + (-26 - -8 - -11) - 4.
2
What is the value of -41 + (3 - -44) - 16?
-10
What is -3 + -35 - (-14 - -6) - (8 + -18)?
-20
What is -8 - (-19 - -26) - -3?
-12
Evaluate (11 - 11) + 26 + (0 - 10).
16
What is -2 - -29 - (-2 - 1 - (109 + -114))?
25
What is 1 + -17 - (1 - 20 - (-120 + 103))?
-14
What is (45 - (26 + -25)) + -23?
21
What is 3 - 2 - ((34 - 0) + -32)?
-1
What is 1 + (-21 - -16) + 14 + (-12 - -1)?
-1
Calculate (67 - 76) + (-1 - -8).
-2
What is the value of 15 + 3 + -7 + -1 + (-53 - -54)?
11
What is (5 + -1 - 44) + -3 + (11 - -1)?
-31
Evaluate -39 - -34 - (-3 - 1).
-1
-9 + -2 + (-20 - (17 - 64))
16
Evaluate (-5 - (-1 - -13)) + 24 - (0 + 43).
-36
What is the value of 1 + (-8 - (-1 + 9 + -3)) + -2?
-14
Evaluate 7 + -22 - (-19 + 1).
3
What is the value of -2 + 22 - (41 - 29) - 19?
-11
What is the value of 2 + -3 - (200 - 200) - 13?
-14
Calculate 109 + -100 + 0 + -12 - (5 + -1).
-7
Calculate 11 + -16 - -8 - 13.
-10
Calculate 0 + (0 - -1) + 5 + -7.
-1
Evaluate 76 - 57 - (-1 + 1 + 8).
11
Evaluate (8 + -1 - 5) + (-5 - 0) + 26.
23
What is 0 + 34 - (-13 + 1 + (-147 - -169))?
24
What is (6 - -3 - 3 - 6) + 1?
1
What is the value of 7 + -15 + (-3 - -5) - -4 - 15?
-17
Calculate 0 + 19 + (-14 - (-61 - -44)).
22
What is -46 + 100 + -39 + (1 - (1 + -2))?
17
What is (20 + -2 - 38) + 31?
11
Evaluate -7 - (-2 - (11 - 3)).
3
What is the value of 45 + -1 - (209 + -178)?
13
Calculate (4 + (-1 - 0) - (351 - 352)) + 4.
8
11 + (4 - 2) + (2 - 0)
15
Calculate (11 - (2 - 2 - -8)) + -6.
-3
(0 - 6) + (0 - -3) + 13 + -9
1
What is 23 + -3 + -21 + 4 + (2 - 1)?
4
What is the value of 3 + -3 + -7 - -9?
2
What is (-15 - 0) + -248 + 260?
-3
Evaluate (24 - (9 + -3)) + (-3 - (2 - -3)).
10
What is -1 + 10 + (0 - -9) - 11?
7
What is 7 - (-9 - ((3 - 13) + (20 - 19)))?
7
12 + (45 - 45 - (0 + 6))
6
What is the value of 9 + 15 + 2 + -12?
14
-23 - ((-10 - -20) + -27)
-6
What is the value of -7 + (1 - -6 - (-2 + 9))?
-7
What is the value of 14 - ((20 - 8) + -4)?
6
What is the value of (-176 - -146) + 3 + (7 - 0) + -3?
-23
-10 + -3 + 8 + -5 + -4
-14
41 - 29 - ((-11 - (4 + -2)) + 6)
19
Calculate (-11 - -25 - 18) + 0 + -19 + 2.
-21
Calculate -2 - (-12 - -2) - (0 - -5).
3
What is the value of 10 - ((6 - 1) + (33 - 61) + 30)?
3
What is 0 - (8 + 2 + 8 + -26)?
8
Calculate -35 + -8 + -7 + 27.
-23
Evaluate -17 - 1 - (245 - 278).
15
What is -215 + 207 - ((2 - -1) + 0)?
-11
Evaluate (14 - 3) + -3 - (13 + -14 + 12).
-3
Evaluate (-15 - (-21 - (-17 - -4))) + 1.
-6
Evaluate (1 - 1) + 38 + -38.
0
34 - (1 + -10 + 12 + (-13 - -9))
35
Calculate 123 + -127 + (1 - (3 - 3) - -15).
12
What is the value of 8 - (4 + 0 - (-4 + 7))?
7
What is -7 + (17 - (-25 + 16))?
19
Evaluate (-13 + 67 - 35) + -27.
-8
Calculate (-30 + 15 - -26) + -24.
-13
-13 + (21 - 6) - -21
23
Calculate -36 + 15 + 34 - -9.
22
Calculate -13 - (7 - 1) - (117 + -101).
-35
Calculate (9 - 19 - 0) + 3.
-7
What is 0 + 0 + 4 + 1 - (-185 + 188)?
2
What is -16 - (-9 + 1 - -3) - -9?
-2
What is the value of 8 + 10 + (-7 - (-8 - -8))?
11
What is the value of 8 + 0 + -2 - (-3 + 5)?
4
Calculate -2 - -3 - (-14 - 5 - (-6 + -2)).
12
Evaluate (0 - -11) + -9 + 1 + (2 - -21).
26
What is the value of 2 + 8 + (-17 - -20)?
13
Calculate -44 - -47 - (1 + -2 + 2 - 2).
4
Calculate -1 - (1 + -1 + (0 - (20 - 18))).
1
Calculate 20 + 3 - (-2 - (-5 + -7)).
13
What is 39 - 2 - (9 + (17 - 17))?
28
23 + 28 + -31 - 12
8
What is the value of 7 + -21 + -4 + 7 + 6?
-5
What is -13 + -2 - (5 - (12 + -10) - 4)?
-14
Evaluate -4 - 4 - (2 - 4) - 15.
-21
What is the value of 14 - (-4 + 3 - (0 - (15 - 8)))?
8
Evaluate (-11 - -11) + 5 - 16.
-11
What is -23 + 4 + -11 + 25?
-5
What is the value of 18 + -24 - (-5 - -5)?
-6
What is the value of 4 + (0 - (4 + (-4 - 4))) - 7?
1
Evaluate 23 - (55 + -13 + 0).
-19
Evaluate -212 + 232 - (5 + -3 + 8).
10
-2 + (2 - -2) + (-258 - -251)
-5
Evaluate 7 - 3 - (12 - (1 - -4) - 6).
3
Evaluate (0 - -26 - -1) + -3072 + 3068.
23
21 + (-23 - -22) - 23
-3
What is 3 - (-17 - (-33 + -1))?
-14
What is 17 + -29 - (2 - 9)?
-5
What is the value of (-22 - 0) + (3 - -2)?
-17
Evaluate -8 + (-6 - -14 - -24).
24
Evaluate -1827 + 1817 - ((14 - 0) + 0).
-24
Calculate -2 + 1 + (0 - (-3 - -3 - 3)).
2
What is 3 + -2 + (12 - (2 + 19))?
-8
(-42 - -41) + (4 - (1 + 4)) + -22
-24
Evaluate (-9 + 20 - -6 - 13) + 1.
5
(3 - (-15 - -31)) + 2
-11
What is the value of (6 - -6 - 20 - 4) + 25?
13
Calculate 15 - (-18 + 34 + 17).
-18
Evaluate (-20 - (15 - 49)) + -23.
-9
What is -15 + (102 - 100 - (9 + 0) - -5)?
-17
Evaluate 3 + 0 + (16 - 13) - (3 + 2).
1
Calculate -15 - (10 - 14) - (9 + -1).
-19
What is 0 - -3 - (14 + 0 + -19)?
8
What is the value of -9 - (4 - (17 + (4 - 5)))?
3
What is -12 + 18 - (6 + -14 - -5)?
9
Calculate (4 - 16) + -11 + 11 + (3 - 10).
-19
What is -2 + 3 + -5 + 3?
-1
Evaluate (-4 - (-6 - -9) - (2 - 0)) + 4.
-5
-15 + (0 + -8 - -8) + (5 - -1)
-9
-2 - (9 + (-18 - -5))
2
-8 + (16 - (0 - (3 - -1)) - -3)
15
What is -5 - ((5 - (4 + -4 + 0)) + -18)?
8
2 + 23 + -16 + 17 + -13 + 6
19
What is (1 + -2 - 13) + (-1 - -29) + -30?
-16
Calculate -22 + 33 + -13 + 4.
2
Calculate 0 + 1 + 7 + 1 + -7 + 9.
11
Evaluate 145 + -183 + -1 + 22.
-17
Calculate (-31 - 47 - -17) + 36.
-25
Evaluate (0 - 0) + 131 + -112.
19
What is the value of (2 - 5 - 1) + (4 - 10)?
-10
Evaluate 2 + (-2 - (0 - 0)) + (94 - 77).
17
Calculate -15 + 9 + 15 - (-7 - 8).
24
Evaluate -142 + 138 - (-36 - -1).
31
Evaluate (-20 - (2 + -10) - -18) + (-1 - 4).
1
-14 - (-12 + 3) - (3 + 2)
-10
60 + (-62 - -33) - (16 + 0)
15
Calculate -1 + (0 - -4) + -3 + -6.
-6
Calculate (50 - 19 - 17) + -26.
-12
Evaluate (-10 + 10 - (-6 - (-12 + 5))) + -7.
-8
Evaluate 9 + -13 + -4 + 11.
3
Evaluate 0 - -39 - (25 - (9 - 4 - -11)).
30
What is the value 